= 9*d - 13*d + 12. What is the highest common factor of d and 9?
3
Let w = 16 + -13. Suppose g = -4*v + 207, w*g - 4*v = -53 + 674. What is the greatest common divisor of g and 23?
23
Let c = 24 + -14. Let i be 1 + -1 + c + 6. What is the greatest common factor of 32 and i?
16
Let a be (22/7)/(1/7). What is the highest common factor of a and 88?
22
Let a be (-150)/(-18) - 2/(-3). What is the greatest common factor of 63 and a?
9
Let l be (-14)/(-49) + (-110)/(-7). Suppose -2*j + v = -354, 0 = 2*j + 3*j - v - 882. What is the highest common divisor of j and l?
16
Let o(q) = -q**3 + 9*q**2 + 2*q + 10. Let f be o(9). Calculate the greatest common divisor of 70 and f.
14
Let n = 4 - 3. Let d be 14 + n + (0 - 0). Let z be (-9)/(-2) - 2/(-4). What is the highest common factor of d and z?
5
Suppose 0*k = -k - 4*s - 4, 14 = 4*k + s. Suppose -2 = k*u + 2*y, -4*u - 5*y - 12 = -y. Calculate the highest common factor of u and 4.
2
Suppose 8*x - 248 = 4*x. Let k = 5 + x. Suppose 0 = -5*t + k - 12. What is the greatest common divisor of 11 and t?
11
Suppose 4*l - 129 = 411. Calculate the greatest common divisor of 15 and l.
15
Suppose -3*t + 75 = -3*c, 0 = -3*t + 5*c + 63 + 16. What is the greatest common divisor of 115 and t?
23
Suppose 2*i + 3 = 5*i. Let f = 3 - i. Suppose -5*r + 4*x + 144 = -56, 0 = -f*r + x + 80. Calculate the highest common divisor of r and 16.
8
Let m(w) = -8*w + 7. Let o be m(-11). Let v = -6 + 25. What is the greatest common factor of o and v?
19
Let z(o) = -o**3 - 3*o**2 + 4*o + 5. Let i be z(-4). Suppose 3*t = -i*u + u + 122, 0 = -5*t + 3*u + 213. Calculate the greatest common divisor of t and 14.
14
Let h be (16 + -15)/((-1)/(-9)). Calculate the highest common factor of h and 9.
9
Let p(n) = -n**3 + 3*n**2 + 12*n + 8. Let g be p(-4). What is the highest common divisor of g and 54?
18
Suppose 94 = 5*m - 0*m - 3*p, -12 = -m + 4*p. Let r = 0 - 38. Let i = r - -68. Calculate the highest common divisor of i and m.
10
Suppose 0 = -2*a + 1 + 21. What is the greatest common factor of a and 44?
11
Let c(g) = -37*g + 4. Let r be c(3). Let a = -59 - r. Calculate the highest common divisor of 12 and a.
12
Suppose 2*s - 2*x - 10 = 0, -3*s + 1 = 4*x + 7. Suppose 0 = -4*b + 5*b + s*n - 25, n = -3*b + 80. Calculate the greatest common divisor of 3 and b.
3
Suppose 0 = 3*k - 6*k. Suppose k = 3*f - 26 - 7. Let z = f - 4. What is the greatest common factor of 21 and z?
7
Let t = -16 + 20. Suppose z - 5*r = 20, 0 = -t*z + 5*z + 3*r - 4. Calculate the greatest common factor of 4 and z.
2
Suppose -4*d + 102 = -5*g, 10 = 2*g + 3*g. Suppose -2 + d = 2*n. Let f = 8 + 5. What is the highest common divisor of f and n?
13
Let o(d) = -d**3 + 6*d**2 - 3*d - 7. Let z be o(5). Suppose -2*t - z*t = -50. What is the greatest common factor of 30 and t?
10
Let z = -570 + 594. Let k be 1/(1 - 0)*3. Let b = 15 - k. What is the greatest common divisor of b and z?
12
Let p be (-687)/(-21) + 6/21. Let r = p - 7. Suppose -5*k = -r - 44. What is the greatest common factor of 35 and k?
7
Let o(h) = h**2 + h + 8. Let x be o(6). Calculate the greatest common factor of 20 and x.
10
Let h be (-6)/((44/48)/11). Let z be (-2000)/h + (-4)/(-18). Calculate the greatest common divisor of 70 and z.
14
Suppose -2*o - 6*o + 432 = 0. What is the greatest common divisor of o and 135?
27
Let x be 9/(-3 + 6) + 2. Suppose -a + 6 = 3*n, -x*n - 12 = 3*a - 38. Calculate the highest common factor of a and 6.
6
Let s = -6 + 39. Suppose -s = q + 2*q + 3*o, -5*o - 46 = 4*q. Let z be (-93)/q - 2/(-3). Calculate the highest common factor of z and 11.
11
Suppose -5*g = -4*b - 537, g - 2*b = -g + 216. What is the highest common factor of g and 15?
15
Suppose -5*x + 64 = 14. Let g be (-170)/(-35) - 2/(-14). Suppose 4*b + 20 = 6*b + 5*u, g*b + 2*u - 50 = 0. Calculate the greatest common factor of x and b.
10
Let c(r) = r**3 - 11*r**2 + 3*r + 13. Let n be c(11). Calculate the greatest common divisor of 23 and n.
23
Let k = 36 - -4. Calculate the greatest common divisor of 8 and k.
8
Let v be 1 + -1 - (4 + -6). Suppose 0*k - k = 0. Suppose 2*p + 4 = -k*p - 4*b, p + b = 0. What is the greatest common divisor of v and p?
2
Suppose -4*z + 8 = 0, f - z - 6 = 4. Let m = f + -34. Let w be 3*m*10/(-4). What is the highest common divisor of 15 and w?
15
Let g = -556 - -959. Suppose 4*f - g = -3*o, -9*o + 4*o = 2*f - 667. What is the highest common divisor of o and 19?
19
Let p(i) = -i**2 - 11*i - 17. Let g be p(-13). Let s = 60 + g. What is the greatest common factor of 119 and s?
17
Suppose -4 + 24 = 5*z. Suppose 3*i + 7 = -3*t + 34, 5*i - 72 = z*t. Calculate the greatest common divisor of i and 96.
12
Let o = 7 - -1. Let l = -70 - -126. What is the greatest common factor of o and l?
8
Suppose 34 = 5*u - 3*t, 2*t = 2 + 2. Calculate the highest common factor of u and 56.
8
Let n be ((-8)/(-10))/(2/20). Let o be ((-30)/25)/(2/(-5)). Suppose o*s = 8 + 4. Calculate the greatest common factor of n and s.
4
Suppose -4*g = -u + g - 17, -4*u - 43 = 5*g. Let w = 16 + u. Calculate the greatest common factor of w and 12.
4
Let x = 2 - 0. Suppose -4*q = -h + x*h - 96, 0 = 3*q - 5*h - 72. Calculate the highest common divisor of q and 12.
12
Let m = -15 + 51. Let l be (-3)/4 - (-294)/8. Suppose p = 5*p - l. Calculate the highest common factor of m and p.
9
Suppose 0 = -2*o + 4*g + 80, 0 = 3*o + g - 112 + 20. Suppose -o - 56 = -4*b. Calculate the greatest common divisor of b and 2.
2
Suppose 4*k - 443 = -n, 677 = 5*k - 2*n + 133. What is the greatest common factor of k and 10?
10
Suppose 3 = c - 151. Suppose 5*a + 216 = -2*n, -2*a + 3*a + 52 = 4*n. Let z be 4/(-6) + a/(-3). What is the greatest common factor of c and z?
14
Let r be 1/(33/18 - 2). Let h be (-34)/(-6) + 4/r. What is the greatest common factor of h and 5?
5
Suppose -5*p + 24 = -p. Let n be p/(-18) + 38/6. Let z = 18 + -14. What is the greatest common divisor of z and n?
2
Let y = 5 - -19. Suppose -5*x = 7*x - 192. Calculate the greatest common divisor of y and x.
8
Suppose 2*o - 10 = 4*l + 18, 3*o = l + 42. Suppose 5*h = -32 + 102. Suppose n - 84 = -h. What is the highest common factor of n and o?
14
Let t = 6 - 4. Let i(u) = -u - 2 - t + 5. Let p be i(-6). What is the greatest common factor of 7 and p?
7
Let h = -88 - -99. Calculate the greatest common factor of 88 and h.
11
Let y(a) = -a**3 + 8*a**2 - 3*a + 8. Let l be y(7). Suppose q + q + 3*t = l, 4*q - 50 = 5*t. Calculate the highest common divisor of q and 6.
3
Let y = 14 - -49. Let j(l) = l**3 - 2*l + 3. Let u be j(2). Calculate the highest common divisor of y and u.
7
Let s be 2*(1 + 9/3). Let j be (-2 - 13)*(-2)/6. Suppose 0*q = -j*q + 60. Calculate the greatest common factor of s and q.
4
Let t(q) = 25*q + 7. Let b be t(5). Let c(z) = z**2 + 9*z + 2. Let g be c(-10). Calculate the highest common divisor of g and b.
12
Suppose -5*l = -l - 28. Suppose -2*x + l = n - 6*x, 0 = -3*n + x + 10. Calculate the greatest common divisor of n and 1.
1
Suppose -5*a - 35 = -100. Calculate the greatest common divisor of a and 65.
13
Suppose -3*o = -8*o + 90. Suppose -2*f + g = -f - 26, f - 5*g = o. Suppose 1 = -3*x + f. Calculate the highest common divisor of x and 45.
9
Suppose -4*y + 5*h = -7*y + 92, 172 = 5*y - h. Calculate the highest common factor of 34 and y.
34
Let d(o) = -o - 2. Let y(t) = t**3 + 5*t**2 + 2. Let l be y(-5). Let c be d(l). Let b be (c/5)/((-2)/50). What is the highest common divisor of b and 50?
10
Suppose 18 = a + 3*u + 2, 0 = 3*a - 2*u - 4. Suppose 4*o - 7 = 13. Suppose -a = -o*g + 6. Calculate the greatest common factor of 6 and g.
2
Let d be 2/3*(50 - -10). What is the greatest common divisor of 20 and d?
20
Let f(s) = -2*s - 4. Let p be f(-3). Suppose -l - 5*x + 42 = 14, p*x + 5 = 5*l. What is the greatest common factor of 1 and l?
1
Suppose 467 + 109 = 4*x. What is the greatest common divisor of 16 and x?
16
Let n be (60/(-36))/((-2)/12). What is the highest common divisor of 80 and n?
10
Let t(u) = -6*u - 5*u - 4 + 5*u. Suppose 5*x = r + 28, -4*r = 4*x - 3 - 5. Let l be t(r). Calculate the highest common factor of l and 28.
14
Let a = -29 + 56. What is the greatest common factor of 243 and a?
27
Let s be (-2442)/(-18) - 1/(-3). What is the greatest common divisor of 17 and s?
17
Sup